e 2*b - 94 = -4*r, 5*b - x*r + 29 = 189. Is b a prime number?
True
Let m(t) = t - 1. Let a be m(4). Suppose 2*x - 46 = -2*g - 0*g, -4*g = a*x - 71. Is x a composite number?
True
Suppose -2*i + 384 = -g, i + 3*g - 129 - 56 = 0. Is i prime?
True
Let m(a) = -41*a**3 + 4*a**2 + a - 3. Is m(-3) prime?
False
Suppose 3*q - 9942 = -3*q. Is q prime?
True
Let q(t) = t**3 - 6*t**2 + 7*t - 6. Let k be q(5). Let x(h) = h + 7. Let n be x(-5). Suppose n*l + 3*u - 114 = 0, -k*l - l - 2*u = -285. Is l composite?
True
Suppose 0*c = 5*h - 5*c - 280, -2*c = -3*h + 165. Is h composite?
False
Suppose -4*u = -2*n - n - 1640, 0 = 2*n + 8. Is u prime?
False
Let o = -114 + 44. Suppose 6*t + 424 = 2*t - 4*k, 0 = 3*t + k + 316. Let s = o - t. Is s a composite number?
True
Let n = 12 + -14. Let i(v) be the second derivative of -3*v**5/10 - v**4/3 - 2*v**3/3 - 3*v**2/2 + v. Is i(n) prime?
True
Suppose 5*x = -0*x + 2425. Is x a composite number?
True
Suppose -3*h = -5*h + 706. Is h a prime number?
True
Let v be 69/9 + 4/(-6). Suppose -8 = -5*a + v. Suppose a*j - 20 = -8. Is j composite?
True
Let l(g) = -g + 9. Let f be l(-8). Let d = 18 + f. Is d a composite number?
True
Suppose 8*v + 40 = 3*v. Let w = v + 55. Is w a composite number?
False
Suppose -3*f + 15 = 3*w, 0 = f + 4*w - 1 - 1. Is f prime?
False
Suppose -3*f - 2*m = 60, 4*f = m + 4*m - 57. Let n = f + 29. Is n a prime number?
True
Let t(n) = -13*n + 1. Suppose 0 = 5*x + z + 19, 4*z - 1 + 5 = -2*x. Is t(x) a prime number?
True
Let i(g) = g**3 + 3*g**2 - 2. Let w be i(-2). Suppose -w*q = -2*k + 6, 5*k + 0*q = q - 1. Is (-1)/(13/14 + k) prime?
False
Let s = 810 + -446. Is (-9)/(-18)*s/2 a composite number?
True
Is (-4)/6 - (-5285)/21 a prime number?
True
Let w be 26*(0 + 3/6). Suppose -w - 3 = t. Let k = 7 - t. Is k prime?
True
Let b = 574 + -239. Is b a composite number?
True
Let z(j) = 47*j**2. Is z(-1) composite?
False
Let n = 17 - 9. Let j = n + -13. Let l = j + 54. Is l a prime number?
False
Let f = -111 - -320. Is f prime?
False
Suppose 4*d - 5*l - 2885 = -d, -5*d + 2889 = -4*l. Is d a composite number?
True
Let a = 60 + 272. Suppose 5*d - 897 = -a. Is d composite?
False
Let c(l) = 87*l - 20. Let i(t) = 43*t - 10. Let m(k) = 4*c(k) - 9*i(k). Let r be m(-8). Suppose p - 3*p = -r. Is p prime?
False
Let n(f) = f**3 - 6*f**2 + 6*f + 5. Let d be n(5). Is (-4)/d - (-1460)/25 composite?
True
Suppose 0 = 2*d + q + 5 + 9, -2*d + 3*q - 22 = 0. Is d/4*(-25)/2 a prime number?
False
Suppose -3*s - 4*a + 19 = a, -4 = -2*a. Suppose -4*w - f = 9, s*f - 8*f + 5 = -5*w. Is (w - -3)/(-2)*-74 composite?
False
Suppose 5441 = 4*l + f, -2145 = 4*l + 3*f - 7580. Is l a composite number?
False
Let p(i) = 5*i + 571. Is p(0) composite?
False
Let d be 60/(-18)*(0 + -3). Suppose -2*h - d = 2. Is (-52)/h*105/10 composite?
True
Suppose 2552 + 5074 = 6*o. Is o prime?
False
Suppose 3*a - 380 + 106 = 2*f, 0 = -5*a - f + 435. Let g = a - -6. Is g prime?
False
Let x(u) = -u**3 - 10*u**2 - 14*u - 8. Is x(-9) prime?
True
Let x(v) = 90*v + 1. Let f be x(3). Suppose j + f = 3*c, -5*j - 20 = -0. Is c a prime number?
True
Let t be 14/8 - 10/(-40). Is (-149)/2*(t + -4) a prime number?
True
Let o be (-6775)/(-55) + (-2)/11. Let g = o - -398. Is g a composite number?
False
Let d(h) = h**3 - 7*h**2 + 6*h - 4. Let a be d(6). Let f = a + 8. Suppose -f*r + 0*r = -84. Is r a composite number?
True
Let x be 2 - 6/9*-3. Let t be ((-15)/x - 2)*-4. Suppose t = y - 56. Is y a composite number?
False
Let n be (-8)/(-12) - 8/3. Is ((-4)/(-6))/(n/(-201)) a composite number?
False
Let k(b) = 2*b**2 - 15*b - 5. Is k(22) a prime number?
False
Suppose 0 = -0*g - 2*g. Suppose 2*u - 7*u - 60 = g. Let z = u + 49. Is z a prime number?
True
Let m(q) = q**2. Suppose l - 5 = 2*l. Let d(i) = 3*i**3 - 3*i**2 + i - 1. Let x(z) = l*m(z) - d(z). Is x(-2) composite?
False
Let r = -46 - -22. Is 3 + 0 - r/3 a composite number?
False
Let y(n) = -4*n**3 - 2*n**2 + 1. Let p be y(-1). Let a(r) = r**3 + 3*r**2 + 3*r. Let g be a(-2). Is ((-111)/6 - p)*g prime?
True
Suppose 4*z + 8 = 0, -548 = -4*w - 4*z + 96. Is w prime?
True
Suppose -2*g + 34 = 2*d, g + 2*d - 1 = -3*d. Suppose 0*r = 2*r - 4. Suppose 2*q - 6*q + 3*b + g = 0, 0 = -r*q - 3*b - 3. Is q a composite number?
False
Suppose 30*z - 92330 = 20*z. Is z a prime number?
False
Let a(y) be the second derivative of 2*y**4/3 + 7*y**3/6 + 5*y**2/2 - 2*y. Is a(6) prime?
False
Let g(t) = -t**3 - t. Let r be g(-1). Suppose 2*q + 0*q = -2*x + 2, x + 1 = 0. Suppose 0 = -2*h - 0*v + q*v + 64, 2*v = -r. Is h prime?
True
Let t = 339 - -1994. Is t composite?
False
Suppose 3*y - 2*p - 209 = -22, 44 = y + 3*p. Is y a composite number?
False
Suppose -5*z = -2*z - 3. Let a = -4 - z. Let l(d) = d**2 - d + 5. Is l(a) prime?
False
Suppose -y - 6 = -4*y. Suppose -y*k + 2*s = 2*k - 234, -2*s + 186 = 3*k. Suppose -3*g + 2*t + 245 = 0, -k = 2*g - 3*g + 5*t. Is g a prime number?
False
Let d = 76 + 50. Suppose 4*c + 2*b = 146, -4*c - 2*b + d = -4*b. Is c composite?
True
Let k(t) = 34*t**2 + t + 2. Let n be k(-2). Let x = 13 + n. Is x prime?
True
Let y = 792 + -323. Is y prime?
False
Suppose -2*z + 3*d + 9 + 14 = 0, 3*z + 3*d = 57. Let w(p) = z*p**2 - 1 + 2 - p + 0*p. Is w(3) composite?
True
Let p(y) = 38*y + 1. Is p(5) prime?
True
Let m(b) = 123*b + 28. Is m(7) a prime number?
False
Let c = 98 - 43. Is c a prime number?
False
Suppose -2*r - 3*r - 225 = 0. Suppose 3*w = -5*g + 682, 3*g + w - 540 = -g. Let c = g + r. Is c a composite number?
False
Let a be (-5)/2*(-16)/20. Let w be -2 + a*23/2. Suppose 4*l - 3*l = w. Is l composite?
True
Suppose 0*u + 5*u - 10 = 0. Suppose -u*g = -6*g. Suppose -3*j + 6*j - 291 = g. Is j composite?
False
Let d(o) = o**3 + 9*o**2 - 8*o - 1. Is d(-8) composite?
False
Suppose -1119 = 3*z + 5*x, z + 2*x + 372 = -0*x. Let u = -215 - z. Is u prime?
True
Let c be (8/12)/((-4)/(-150)). Suppose -2*q + c = 3*q. Suppose -q*j + 62 = b, 2*j + 226 = 4*b - 0*j. Is b composite?
True
Let x = 427 + 268. Is x a composite number?
True
Let p = 948 + -619. Is p composite?
True
Let j = -6 - -7. Is -2*(69/(-2) - j) a composite number?
False
Let z(o) = o**3 - 4*o**2 - 6*o - 7. Let s be z(5). Is ((-15)/s)/(-5)*-28 a composite number?
False
Suppose 5*i - 2345 = -360. Is i composite?
False
Let a(i) = i**3 + i**2 - 3*i - 3. Is a(4) a composite number?
True
Suppose -3*y + 4*g - 100 = 0, y + 0*y - g = -32. Let a = 43 + y. Is a prime?
False
Let d(x) = 31*x - 8. Is d(13) a composite number?
True
Let l(j) = j**3 + 9*j**2 - 6*j + 13. Is l(-9) prime?
True
Suppose -f + 5*q = -6, 2 = 2*f - 2*q + 6. Is (-149)/f - 3/12 prime?
True
Let y(x) = x**3 + 10*x**2 + x + 11. Is y(-8) prime?
True
Let o be 87/9 - 3/(-9). Let w(z) = 5*z**2 + 6*z - 3. Is w(o) a prime number?
True
Let s(w) = -15*w**3 - 3*w - 1. Let c(o) = o**3 + o. Let g(u) = -5*c(u) - s(u). Is g(2) prime?
False
Let z = -637 - -7992. Is z composite?
True
Suppose 8*n - 3337 - 3951 = 0. Is n a prime number?
True
Let v(k) = -3*k**2 + k - 3. Let d(u) = 3*u**2 - u + 4. Let s(w) = -2*d(w) - 3*v(w). Is s(8) composite?
True
Let w = 98 - -195. Is w composite?
False
Let c(d) = -d**2 - 44*d + 6. Is c(-25) prime?
False
Let m(c) = -c**2 - c - 11. Let f be m(0). Let h be (2*f)/((-8)/12). Let b = h + -12. Is b a prime number?
False
Suppose -v + 3 = -0*v. Suppose 5*r + 77 = w + r, w = v*r + 82. Is w composite?
False
Suppose -6*b = -3*b - 621. Let j = -124 + b. Is j a composite number?
False
Suppose r - 3*o - 515 = 0, -5*r + o + 1560 + 1043 = 0. Is r composite?
False
Suppose 2*a - o - 2041 = 0, 530 = 2*a - 3*o - 1513. Suppose -n - 4*t = 3*n - a, -3*n - 5*t = -769. Is n a prime number?
False
Suppose 3*x = 10188 + 2991. Is x prime?
False
Suppose -g + 112 = -139. Is g a composite number?
False
Let q be 2/(-8) - 92/16. Let n(f) = -f**2 - 6*f - 1. Let k be n(q). Is 2 - 18/2*k prime?
True
Suppose 3*z - 4*z - 504 = -4*w, -4*z = 4*w - 524. Is w prime?
True
Let z(p) = 0*p - p + 7 + 4*p - 9*p + 22*p**2. Is z(4) a prime number?
False
Let u be (3/(-2))/(3/(-44)). Suppose -3*w = 4*h + h - u, 0 = -2*h + w. Suppose h*f - 21 = -0*f + a, -3*a = -3*f + 30. Is f a prime number?
True
Suppose x - q = 2 - 9, 2*x = 4*q - 24. Let a be (x/2)/(-1)*165. Suppose 3*b - a = 102. Is b composite?
False
Suppose -2*q - 5*b + 395 = 3*q, -3*q + 3*b + 237 = 0. Is q prime